CRAN Package Check Results for Package sasfunclust

Last updated on 2025-01-21 04:48:36 CET.

Flavor Version Tinstall Tcheck Ttotal Status Flags
r-devel-linux-x86_64-debian-clang 1.0.0 31.14 152.40 183.54 NOTE
r-devel-linux-x86_64-debian-gcc 1.0.0 21.67 100.28 121.95 NOTE
r-devel-linux-x86_64-fedora-clang 1.0.0 301.12 NOTE
r-devel-linux-x86_64-fedora-gcc 1.0.0 296.43 NOTE
r-devel-windows-x86_64 1.0.0 35.00 152.00 187.00 OK
r-patched-linux-x86_64 1.0.0 31.02 140.57 171.59 NOTE
r-release-linux-x86_64 1.0.0 26.66 143.78 170.44 NOTE
r-release-macos-arm64 1.0.0 66.00 NOTE
r-release-macos-x86_64 1.0.0 110.00 NOTE
r-release-windows-x86_64 1.0.0 34.00 156.00 190.00 OK
r-oldrel-macos-arm64 1.0.0 82.00 NOTE
r-oldrel-macos-x86_64 1.0.0 141.00 NOTE
r-oldrel-windows-x86_64 1.0.0 44.00 208.00 252.00 OK

Check Details

Version: 1.0.0
Check: C++ specification
Result: NOTE Specified C++11: please drop specification unless essential Flavors: r-devel-linux-x86_64-debian-clang, r-devel-linux-x86_64-debian-gcc, r-devel-linux-x86_64-fedora-clang, r-devel-linux-x86_64-fedora-gcc, r-patched-linux-x86_64, r-release-linux-x86_64, r-release-macos-arm64, r-release-macos-x86_64, r-oldrel-macos-arm64, r-oldrel-macos-x86_64