CRAN Package Check Results for Package sasfunclust

Last updated on 2024-02-24 16:48:33 CET.

Flavor Version Tinstall Tcheck Ttotal Status Flags
r-devel-linux-x86_64-debian-clang 1.0.0 47.29 196.20 243.49 NOTE
r-devel-linux-x86_64-debian-gcc 1.0.0 34.43 148.75 183.18 NOTE
r-devel-linux-x86_64-fedora-clang 1.0.0 316.63 NOTE
r-devel-linux-x86_64-fedora-gcc 1.0.0 300.67 NOTE
r-devel-windows-x86_64 1.0.0 40.00 156.00 196.00 OK
r-patched-linux-x86_64 1.0.0 33.41 194.86 228.27 NOTE
r-release-linux-x86_64 1.0.0 37.22 200.03 237.25 NOTE
r-release-macos-arm64 1.0.0 82.00 NOTE
r-release-macos-x86_64 1.0.0 141.00 NOTE
r-release-windows-x86_64 1.0.0 49.00 207.00 256.00 OK
r-oldrel-macos-arm64 1.0.0 75.00 OK
r-oldrel-windows-x86_64 1.0.0 49.00 216.00 265.00 OK

Check Details

Version: 1.0.0
Check: C++ specification
Result: NOTE Specified C++11: please drop specification unless essential Flavors: r-devel-linux-x86_64-debian-clang, r-devel-linux-x86_64-debian-gcc, r-devel-linux-x86_64-fedora-clang, r-devel-linux-x86_64-fedora-gcc, r-patched-linux-x86_64, r-release-linux-x86_64, r-release-macos-arm64, r-release-macos-x86_64