CRAN Package Check Results for Package sarsop

Last updated on 2024-03-03 04:48:48 CET.

Flavor Version Tinstall Tcheck Ttotal Status Flags
r-devel-linux-x86_64-debian-clang 0.6.14 213.07 355.35 568.42 NOTE
r-devel-linux-x86_64-debian-gcc 0.6.14 174.39 332.39 506.78 NOTE
r-devel-linux-x86_64-fedora-clang 0.6.14 810.42 NOTE
r-devel-linux-x86_64-fedora-gcc 0.6.14 728.91 NOTE
r-devel-windows-x86_64 0.6.14 14.00 424.00 438.00 NOTE
r-patched-linux-x86_64 0.6.14 215.34 366.97 582.31 NOTE
r-release-linux-x86_64 0.6.14 210.02 370.00 580.02 NOTE
r-release-macos-arm64 0.6.14 117.00 NOTE
r-release-macos-x86_64 0.6.14 196.00 NOTE
r-release-windows-x86_64 0.6.14 17.00 486.00 503.00 NOTE
r-oldrel-macos-arm64 0.6.14 110.00 NOTE
r-oldrel-windows-x86_64 0.6.14 16.00 464.00 480.00 NOTE

Check Details

Version: 0.6.14
Check: C++ specification
Result: NOTE Specified C++11: please drop specification unless essential Flavors: r-devel-linux-x86_64-debian-clang, r-devel-linux-x86_64-debian-gcc, r-devel-linux-x86_64-fedora-clang, r-devel-linux-x86_64-fedora-gcc, r-patched-linux-x86_64, r-release-linux-x86_64, r-release-macos-arm64, r-release-macos-x86_64

Version: 0.6.14
Check: installed package size
Result: NOTE installed size is 6.6Mb sub-directories of 1Mb or more: bin 5.8Mb Flavors: r-devel-windows-x86_64, r-release-macos-arm64, r-release-macos-x86_64, r-release-windows-x86_64, r-oldrel-macos-arm64, r-oldrel-windows-x86_64