CRAN Package Check Results for Package sanityTracker

Last updated on 2024-03-02 16:54:57 CET.

Flavor Version Tinstall Tcheck Ttotal Status Flags
r-devel-linux-x86_64-debian-clang 0.1.0 2.98 36.28 39.26 NOTE
r-devel-linux-x86_64-debian-gcc 0.1.0 2.30 27.32 29.62 NOTE
r-devel-linux-x86_64-fedora-clang 0.1.0 48.48 NOTE
r-devel-linux-x86_64-fedora-gcc 0.1.0 57.50 NOTE
r-devel-windows-x86_64 0.1.0 4.00 51.00 55.00 NOTE
r-patched-linux-x86_64 0.1.0 2.90 34.36 37.26 NOTE
r-release-linux-x86_64 0.1.0 1.96 35.14 37.10 NOTE
r-release-macos-arm64 0.1.0 29.00 NOTE
r-release-macos-x86_64 0.1.0 36.00 NOTE
r-release-windows-x86_64 0.1.0 4.00 53.00 57.00 NOTE
r-oldrel-macos-arm64 0.1.0 21.00 NOTE
r-oldrel-windows-x86_64 0.1.0 4.00 56.00 60.00 NOTE

Check Details

Version: 0.1.0
Check: LazyData
Result: NOTE 'LazyData' is specified without a 'data' directory Flavors: r-devel-linux-x86_64-debian-clang, r-devel-linux-x86_64-debian-gcc, r-devel-linux-x86_64-fedora-clang, r-devel-linux-x86_64-fedora-gcc, r-devel-windows-x86_64, r-patched-linux-x86_64, r-release-linux-x86_64, r-release-macos-arm64, r-release-macos-x86_64, r-release-windows-x86_64, r-oldrel-macos-arm64, r-oldrel-windows-x86_64