CRAN Package Check Results for Package sandwich

Last updated on 2020-07-14 03:48:04 CEST.

Flavor Version Tinstall Tcheck Ttotal Status Flags
r-devel-linux-x86_64-debian-clang 2.5-1 5.19 237.26 242.45 OK
r-devel-linux-x86_64-debian-gcc 2.5-1 4.52 188.15 192.67 OK
r-devel-linux-x86_64-fedora-clang 2.5-1 308.50 OK
r-devel-linux-x86_64-fedora-gcc 2.5-1 308.68 OK
r-devel-windows-ix86+x86_64 2.5-1 12.00 324.00 336.00 OK
r-patched-linux-x86_64 2.5-1 4.89 236.27 241.16 OK
r-patched-solaris-x86 2.5-1 654.50 OK
r-release-linux-x86_64 2.5-1 5.33 239.17 244.50 OK
r-release-macos-x86_64 2.5-1 ERROR
r-release-windows-ix86+x86_64 2.5-1 13.00 243.00 256.00 OK
r-oldrel-macos-x86_64 2.5-1 OK
r-oldrel-windows-ix86+x86_64 2.5-1 21.00 295.00 316.00 OK

Check Details

Version: 2.5-1
Check: whether package can be installed
Result: ERROR
    Installation failed.
Flavor: r-release-macos-x86_64