CRAN Package Check Results for Package safetyGraphics

Last updated on 2024-03-05 04:57:50 CET.

Flavor Version Tinstall Tcheck Ttotal Status Flags
r-devel-linux-x86_64-debian-clang 2.1.1 13.12 114.86 127.98 NOTE
r-devel-linux-x86_64-debian-gcc 2.1.1 10.60 86.06 96.66 NOTE
r-devel-linux-x86_64-fedora-clang 2.1.1 162.75 NOTE
r-devel-linux-x86_64-fedora-gcc 2.1.1 162.80 NOTE
r-devel-windows-x86_64 2.1.1 12.00 118.00 130.00 NOTE
r-patched-linux-x86_64 2.1.1 7.52 108.02 115.54 OK
r-release-linux-x86_64 2.1.1 9.29 111.30 120.59 OK
r-release-macos-arm64 2.1.1 85.00 OK
r-release-macos-x86_64 2.1.1 113.00 OK
r-release-windows-x86_64 2.1.1 15.00 136.00 151.00 OK
r-oldrel-macos-arm64 2.1.1 70.00 OK
r-oldrel-windows-x86_64 2.1.1 17.00 129.00 146.00 OK

Check Details

Version: 2.1.1
Check: Rd files
Result: NOTE checkRd: (-1) app_startup.Rd:35: Lost braces in \itemize; \value handles \item{}{} directly checkRd: (-1) app_startup.Rd:36: Lost braces in \itemize; \value handles \item{}{} directly checkRd: (-1) app_startup.Rd:37: Lost braces in \itemize; \value handles \item{}{} directly checkRd: (-1) app_startup.Rd:38: Lost braces in \itemize; \value handles \item{}{} directly checkRd: (-1) app_startup.Rd:39: Lost braces in \itemize; \value handles \item{}{} directly checkRd: (-1) makeChartConfig.Rd:17: Lost braces; missing escapes or markup? 17 | \item{packages}{installed packages names containing yaml config files in the /inst/{packageLocation} folder} | ^ checkRd: (-1) makeChartConfig.Rd:26: Lost braces in \itemize; \value handles \item{}{} directly checkRd: (-1) makeChartConfig.Rd:27: Lost braces in \itemize; \value handles \item{}{} directly checkRd: (-1) makeChartConfig.Rd:28: Lost braces in \itemize; \value handles \item{}{} directly checkRd: (-1) makeChartConfig.Rd:29: Lost braces in \itemize; \value handles \item{}{} directly checkRd: (-1) makeChartConfig.Rd:30: Lost braces in \itemize; \value handles \item{}{} directly checkRd: (-1) makeChartConfig.Rd:31: Lost braces in \itemize; \value handles \item{}{} directly checkRd: (-1) makeChartConfig.Rd:32: Lost braces in \itemize; \value handles \item{}{} directly checkRd: (-1) makeChartConfig.Rd:33: Lost braces in \itemize; \value handles \item{}{} directly checkRd: (-1) makeChartConfig.Rd:34: Lost braces in \itemize; \value handles \item{}{} directly checkRd: (-1) makeChartConfig.Rd:35: Lost braces in \itemize; \value handles \item{}{} directly checkRd: (-1) makeChartConfig.Rd:36: Lost braces in \itemize; \value handles \item{}{} directly checkRd: (-1) makeChartConfig.Rd:37: Lost braces in \itemize; \value handles \item{}{} directly checkRd: (-1) makeMapping.Rd:21: Lost braces in \itemize; \value handles \item{}{} directly checkRd: (-1) makeMapping.Rd:22: Lost braces in \itemize; \value handles \item{}{} directly checkRd: (-1) makeMeta.Rd:30: Lost braces; missing escapes or markup? 30 | \item Domain-level metadata saved as meta_{chart$name} in the chart$package namespace | ^ checkRd: (-1) makeMeta.Rd:31: Lost braces; missing escapes or markup? 31 | \item Chart-specific metadata saved as meta_{chart$domain} in the chart$package namespace | ^ Flavors: r-devel-linux-x86_64-debian-clang, r-devel-linux-x86_64-debian-gcc, r-devel-linux-x86_64-fedora-clang, r-devel-linux-x86_64-fedora-gcc, r-devel-windows-x86_64