CRAN Package Check Results for Package saeHB

Last updated on 2024-06-25 16:49:11 CEST.

Flavor Version Tinstall Tcheck Ttotal Status Flags
r-devel-linux-x86_64-debian-clang 0.2.2 OK
r-devel-linux-x86_64-debian-gcc 0.2.2 7.93 45.10 53.03 OK
r-devel-linux-x86_64-fedora-clang 0.2.2 90.47 NOTE
r-devel-linux-x86_64-fedora-gcc 0.2.2 98.35 NOTE
r-devel-windows-x86_64 0.2.2 10.00 64.00 74.00 OK
r-patched-linux-x86_64 0.2.2 9.46 57.72 67.18 OK
r-release-linux-x86_64 0.2.2 10.07 58.03 68.10 OK
r-release-macos-arm64 0.2.2 30.00 OK
r-release-macos-x86_64 0.2.2 48.00 OK
r-release-windows-x86_64 0.2.2 9.00 66.00 75.00 OK
r-oldrel-macos-arm64 0.2.2 32.00 OK
r-oldrel-macos-x86_64 0.2.2 70.00 OK
r-oldrel-windows-x86_64 0.2.2 12.00 69.00 81.00 OK

Check Details

Version: 0.2.2
Check: dependencies in R code
Result: NOTE Namespaces in Imports field not imported from: ‘CARBayesdata’ ‘MASS’ ‘nimble’ All declared Imports should be used. Flavors: r-devel-linux-x86_64-fedora-clang, r-devel-linux-x86_64-fedora-gcc