CRAN Package Check Results for Package sRDA

Last updated on 2024-02-29 15:54:00 CET.

Flavor Version Tinstall Tcheck Ttotal Status Flags
r-devel-linux-x86_64-debian-clang 1.0.0 8.64 69.92 78.56 NOTE
r-devel-linux-x86_64-debian-gcc 1.0.0 7.06 52.96 60.02 NOTE
r-devel-linux-x86_64-fedora-clang 1.0.0 93.31 NOTE
r-devel-linux-x86_64-fedora-gcc 1.0.0 89.67 NOTE
r-devel-windows-x86_64 1.0.0 8.00 73.00 81.00 NOTE
r-patched-linux-x86_64 1.0.0 9.27 67.23 76.50 NOTE
r-release-linux-x86_64 1.0.0 9.06 68.17 77.23 NOTE
r-release-macos-arm64 1.0.0 34.00 NOTE
r-release-macos-x86_64 1.0.0 53.00 NOTE
r-release-windows-x86_64 1.0.0 10.00 82.00 92.00 NOTE
r-oldrel-macos-arm64 1.0.0 31.00 NOTE
r-oldrel-windows-x86_64 1.0.0 10.00 88.00 98.00 NOTE

Check Details

Version: 1.0.0
Check: LazyData
Result: NOTE 'LazyData' is specified without a 'data' directory Flavors: r-devel-linux-x86_64-debian-clang, r-devel-linux-x86_64-debian-gcc, r-devel-linux-x86_64-fedora-clang, r-devel-linux-x86_64-fedora-gcc, r-devel-windows-x86_64, r-patched-linux-x86_64, r-release-linux-x86_64, r-release-macos-arm64, r-release-macos-x86_64, r-release-windows-x86_64, r-oldrel-macos-arm64, r-oldrel-windows-x86_64