CRAN Package Check Results for Package sGMRFmix

Last updated on 2024-02-26 04:49:40 CET.

Flavor Version Tinstall Tcheck Ttotal Status Flags
r-devel-linux-x86_64-debian-clang 0.3.0 5.24 594.66 599.90 NOTE
r-devel-linux-x86_64-debian-gcc 0.3.0 5.42 377.42 382.84 NOTE
r-devel-linux-x86_64-fedora-clang 0.3.0 670.22 NOTE
r-devel-linux-x86_64-fedora-gcc 0.3.0 696.23 NOTE
r-devel-windows-x86_64 0.3.0 7.00 335.00 342.00 NOTE
r-patched-linux-x86_64 0.3.0 4.82 591.78 596.60 NOTE
r-release-linux-x86_64 0.3.0 4.09 596.05 600.14 NOTE
r-release-macos-arm64 0.3.0 183.00 NOTE
r-release-macos-x86_64 0.3.0 316.00 NOTE
r-release-windows-x86_64 0.3.0 8.00 464.00 472.00 NOTE
r-oldrel-macos-arm64 0.3.0 147.00 NOTE
r-oldrel-windows-x86_64 0.3.0 8.00 488.00 496.00 NOTE

Check Details

Version: 0.3.0
Check: LazyData
Result: NOTE 'LazyData' is specified without a 'data' directory Flavors: r-devel-linux-x86_64-debian-clang, r-devel-linux-x86_64-debian-gcc, r-devel-linux-x86_64-fedora-clang, r-devel-linux-x86_64-fedora-gcc, r-devel-windows-x86_64, r-patched-linux-x86_64, r-release-linux-x86_64, r-release-macos-arm64, r-release-macos-x86_64, r-release-windows-x86_64, r-oldrel-macos-arm64, r-oldrel-windows-x86_64