CRAN Package Check Results for Package s2net

Last updated on 2024-03-03 16:50:09 CET.

Flavor Version Tinstall Tcheck Ttotal Status Flags
r-devel-linux-x86_64-debian-clang 1.0.4 42.28 46.97 89.25 NOTE
r-devel-linux-x86_64-debian-gcc 1.0.4 32.74 36.10 68.84 NOTE
r-devel-linux-x86_64-fedora-clang 1.0.4 119.60 NOTE
r-devel-linux-x86_64-fedora-gcc 1.0.4 129.96 NOTE
r-devel-windows-x86_64 1.0.4 33.00 81.00 114.00 NOTE
r-patched-linux-x86_64 1.0.4 39.42 46.17 85.59 NOTE
r-release-linux-x86_64 1.0.4 41.19 46.08 87.27 NOTE
r-release-macos-arm64 1.0.4 44.00 NOTE
r-release-macos-x86_64 1.0.4 68.00 NOTE
r-release-windows-x86_64 1.0.4 38.00 94.00 132.00 NOTE
r-oldrel-macos-arm64 1.0.4 35.00 OK
r-oldrel-windows-x86_64 1.0.4 40.00 89.00 129.00 OK

Check Details

Version: 1.0.4
Check: C++ specification
Result: NOTE Specified C++11: please drop specification unless essential Flavors: r-devel-linux-x86_64-debian-clang, r-devel-linux-x86_64-debian-gcc, r-devel-linux-x86_64-fedora-clang, r-devel-linux-x86_64-fedora-gcc, r-devel-windows-x86_64, r-patched-linux-x86_64, r-release-linux-x86_64, r-release-macos-arm64, r-release-macos-x86_64, r-release-windows-x86_64

Version: 1.0.4
Check: Rd files
Result: NOTE checkRd: (-1) s2Data.Rd:33: Lost braces 33 | \code{TRUE}{ (default) The data is converted to a matrix. Factor variables are automatically coded using \code{\link{model.matrix}}. The data is scaled, and constant columns are removed.} | ^ checkRd: (-1) s2Data.Rd:35: Lost braces 35 | \code{FALSE}{ Do nothing. Keep in mind that the theoretical framework assumes that \code{xL} is centered. Unless you are absolutely sure, avoid this.} | ^ Flavors: r-devel-linux-x86_64-debian-clang, r-devel-linux-x86_64-debian-gcc, r-devel-linux-x86_64-fedora-clang, r-devel-linux-x86_64-fedora-gcc

Version: 1.0.4
Check: Rd contents
Result: NOTE Argument items with no description in Rd file 'predict.s2netR.Rd': ‘...’ Argument items with no description in Rd file 'print_misc.Rd': ‘\dots’ Flavors: r-devel-linux-x86_64-debian-clang, r-devel-linux-x86_64-debian-gcc, r-devel-linux-x86_64-fedora-clang, r-devel-linux-x86_64-fedora-gcc, r-devel-windows-x86_64