CRAN Package Check Results for Package rwunderground

Last updated on 2024-02-25 04:51:17 CET.

Flavor Version Tinstall Tcheck Ttotal Status Flags
r-devel-linux-x86_64-debian-clang 0.1.8 3.67 33.17 36.84 NOTE
r-devel-linux-x86_64-debian-gcc 0.1.8 2.65 25.43 28.08 NOTE
r-devel-linux-x86_64-fedora-clang 0.1.8 46.74 NOTE
r-devel-linux-x86_64-fedora-gcc 0.1.8 44.63 NOTE
r-devel-windows-x86_64 0.1.8 4.00 57.00 61.00 NOTE
r-patched-linux-x86_64 0.1.8 3.49 32.79 36.28 NOTE
r-release-linux-x86_64 0.1.8 3.74 33.25 36.99 NOTE
r-release-macos-arm64 0.1.8 19.00 NOTE
r-release-macos-x86_64 0.1.8 26.00 NOTE
r-release-windows-x86_64 0.1.8 6.00 57.00 63.00 NOTE
r-oldrel-macos-arm64 0.1.8 19.00 NOTE
r-oldrel-windows-x86_64 0.1.8 6.00 56.00 62.00 NOTE

Check Details

Version: 0.1.8
Check: LazyData
Result: NOTE 'LazyData' is specified without a 'data' directory Flavors: r-devel-linux-x86_64-debian-clang, r-devel-linux-x86_64-debian-gcc, r-devel-linux-x86_64-fedora-clang, r-devel-linux-x86_64-fedora-gcc, r-devel-windows-x86_64, r-patched-linux-x86_64, r-release-linux-x86_64, r-release-macos-arm64, r-release-macos-x86_64, r-release-windows-x86_64, r-oldrel-macos-arm64, r-oldrel-windows-x86_64