CRAN Package Check Results for Package runstats

Last updated on 2024-02-29 15:53:58 CET.

Flavor Version Tinstall Tcheck Ttotal Status Flags
r-devel-linux-x86_64-debian-clang 1.1.0 3.10 36.09 39.19 NOTE
r-devel-linux-x86_64-debian-gcc 1.1.0 2.58 27.52 30.10 NOTE
r-devel-linux-x86_64-fedora-clang 1.1.0 48.82 NOTE
r-devel-linux-x86_64-fedora-gcc 1.1.0 58.43 NOTE
r-devel-windows-x86_64 1.1.0 4.00 50.00 54.00 NOTE
r-patched-linux-x86_64 1.1.0 3.58 34.28 37.86 NOTE
r-release-linux-x86_64 1.1.0 3.22 34.83 38.05 NOTE
r-release-macos-arm64 1.1.0 29.00 NOTE
r-release-macos-x86_64 1.1.0 36.00 NOTE
r-release-windows-x86_64 1.1.0 5.00 52.00 57.00 NOTE
r-oldrel-macos-arm64 1.1.0 25.00 NOTE
r-oldrel-windows-x86_64 1.1.0 6.00 55.00 61.00 NOTE

Check Details

Version: 1.1.0
Check: LazyData
Result: NOTE 'LazyData' is specified without a 'data' directory Flavors: r-devel-linux-x86_64-debian-clang, r-devel-linux-x86_64-debian-gcc, r-devel-linux-x86_64-fedora-clang, r-devel-linux-x86_64-fedora-gcc, r-devel-windows-x86_64, r-patched-linux-x86_64, r-release-linux-x86_64, r-release-macos-arm64, r-release-macos-x86_64, r-release-windows-x86_64, r-oldrel-macos-arm64, r-oldrel-windows-x86_64

Version: 1.1.0
Check: installed package size
Result: NOTE installed size is 5.3Mb sub-directories of 1Mb or more: doc 4.7Mb Flavors: r-devel-linux-x86_64-fedora-clang, r-devel-windows-x86_64, r-release-macos-arm64, r-release-macos-x86_64, r-release-windows-x86_64, r-oldrel-macos-arm64, r-oldrel-windows-x86_64