CRAN Package Check Results for Package ruler

Last updated on 2024-02-29 15:53:58 CET.

Flavor Version Tinstall Tcheck Ttotal Status Flags
r-devel-linux-x86_64-debian-clang 0.3.0 4.08 69.50 73.58 NOTE
r-devel-linux-x86_64-debian-gcc 0.3.0 4.16 52.27 56.43 NOTE
r-devel-linux-x86_64-fedora-clang 0.3.0 91.87 NOTE
r-devel-linux-x86_64-fedora-gcc 0.3.0 100.01 NOTE
r-devel-windows-x86_64 0.3.0 6.00 77.00 83.00 OK
r-patched-linux-x86_64 0.3.0 6.17 66.04 72.21 OK
r-release-linux-x86_64 0.3.0 3.42 65.87 69.29 OK
r-release-macos-arm64 0.3.0 39.00 OK
r-release-macos-x86_64 0.3.0 59.00 OK
r-release-windows-x86_64 0.3.0 8.00 85.00 93.00 OK
r-oldrel-macos-arm64 0.3.0 35.00 OK
r-oldrel-windows-x86_64 0.3.0 8.00 88.00 96.00 OK

Check Details

Version: 0.3.0
Check: Rd files
Result: NOTE checkRd: (-1) rules.Rd:24: Lost braces; missing escapes or markup? 24 | \item Absent names are replaced with the 'rule__\\{ind\\}' where \\{ind\\} is the | ^ checkRd: (-1) rules.Rd:24: Lost braces; missing escapes or markup? 24 | \item Absent names are replaced with the 'rule__\\{ind\\}' where \\{ind\\} is the | ^ Flavors: r-devel-linux-x86_64-debian-clang, r-devel-linux-x86_64-debian-gcc, r-devel-linux-x86_64-fedora-clang, r-devel-linux-x86_64-fedora-gcc