CRAN Package Check Results for Package rtk

Last updated on 2020-08-06 15:49:44 CEST.

Flavor Version Tinstall Tcheck Ttotal Status Flags
r-devel-linux-x86_64-debian-clang 0.2.6.1 61.97 33.17 95.14 OK
r-devel-linux-x86_64-debian-gcc 0.2.6.1 50.36 25.54 75.90 OK
r-devel-linux-x86_64-fedora-clang 0.2.6.1 136.17 NOTE
r-devel-linux-x86_64-fedora-gcc 0.2.6.1 124.59 OK
r-devel-windows-ix86+x86_64 0.2.6.1 141.00 74.00 215.00 OK
r-patched-linux-x86_64 0.2.6.1 55.13 31.93 87.06 OK
r-patched-solaris-x86 0.2.6.1 118.20 OK
r-release-linux-x86_64 0.2.6.1 56.86 32.59 89.45 OK
r-release-macos-x86_64 0.2.6.1 NOTE
r-release-windows-ix86+x86_64 0.2.6.1 141.00 101.00 242.00 OK
r-oldrel-macos-x86_64 0.2.6.1 NOTE
r-oldrel-windows-ix86+x86_64 0.2.6.1 113.00 87.00 200.00 OK

Check Details

Version: 0.2.6.1
Check: installed package size
Result: NOTE
     installed size is 8.1Mb
     sub-directories of 1Mb or more:
     libs 8.0Mb
Flavors: r-devel-linux-x86_64-fedora-clang, r-release-macos-x86_64, r-oldrel-macos-x86_64