CRAN Package Check Results for Package rtdists

Last updated on 2024-02-28 16:50:46 CET.

Flavor Version Tinstall Tcheck Ttotal Status Flags
r-devel-linux-x86_64-debian-clang 0.11-5 26.53 428.76 455.29 NOTE
r-devel-linux-x86_64-debian-gcc 0.11-5 24.79 298.50 323.29 NOTE
r-devel-linux-x86_64-fedora-clang 0.11-5 541.03 NOTE
r-devel-linux-x86_64-fedora-gcc 0.11-5 542.29 NOTE
r-devel-windows-x86_64 0.11-5 27.00 282.00 309.00 OK
r-patched-linux-x86_64 0.11-5 28.90 401.03 429.93 OK
r-release-linux-x86_64 0.11-5 26.10 405.07 431.17 OK
r-release-macos-arm64 0.11-5 143.00 OK
r-release-macos-x86_64 0.11-5 263.00 OK
r-release-windows-x86_64 0.11-5 33.00 379.00 412.00 OK
r-oldrel-macos-arm64 0.11-5 141.00 OK
r-oldrel-windows-x86_64 0.11-5 32.00 378.00 410.00 OK

Check Details

Version: 0.11-5
Check: Rd files
Result: NOTE checkRd: (-1) LBA-race.Rd:157: Lost braces 157 | corresponding (and not first) accumulator winning see /code{/link{LBA}}. | ^ checkRd: (-1) LBA-race.Rd:157: Lost braces 157 | corresponding (and not first) accumulator winning see /code{/link{LBA}}. | ^ Flavors: r-devel-linux-x86_64-debian-clang, r-devel-linux-x86_64-debian-gcc, r-devel-linux-x86_64-fedora-clang, r-devel-linux-x86_64-fedora-gcc