CRAN Package Check Results for Package rsurfer

Last updated on 2020-08-11 15:48:49 CEST.

Flavor Version Tinstall Tcheck Ttotal Status Flags
r-devel-linux-x86_64-debian-clang 0.2 6.08 44.47 50.55 NOTE
r-devel-linux-x86_64-debian-gcc 0.2 4.49 34.78 39.27 NOTE
r-devel-linux-x86_64-fedora-clang 0.2 69.42 OK
r-devel-linux-x86_64-fedora-gcc 0.2 60.93 OK
r-devel-windows-ix86+x86_64 0.2 16.00 78.00 94.00 NOTE
r-patched-linux-x86_64 0.2 5.82 45.45 51.27 NOTE
r-patched-solaris-x86 0.2 80.00 OK
r-release-linux-x86_64 0.2 5.58 45.55 51.13 NOTE
r-release-macos-x86_64 0.2 OK
r-release-windows-ix86+x86_64 0.2 14.00 57.00 71.00 NOTE
r-oldrel-macos-x86_64 0.2 OK
r-oldrel-windows-ix86+x86_64 0.2 8.00 77.00 85.00 OK

Check Details

Version: 0.2
Check: package vignettes
Result: NOTE
    Package vignette with placeholder title 'Vignette Title':
     'main-vignette.Rmd'
Flavors: r-devel-linux-x86_64-debian-clang, r-devel-linux-x86_64-debian-gcc, r-devel-windows-ix86+x86_64, r-patched-linux-x86_64, r-release-linux-x86_64, r-release-windows-ix86+x86_64