CRAN Package Check Results for Package rstudioapi

Last updated on 2020-07-03 15:48:11 CEST.

Flavor Version Tinstall Tcheck Ttotal Status Flags
r-devel-linux-x86_64-debian-clang 0.11 2.69 32.78 35.47 OK
r-devel-linux-x86_64-debian-gcc 0.11 2.41 25.88 28.29 OK
r-devel-linux-x86_64-fedora-clang 0.11 52.04 NOTE
r-devel-linux-x86_64-fedora-gcc 0.11 43.61 OK
r-devel-windows-ix86+x86_64 0.11 16.00 46.00 62.00 OK
r-patched-linux-x86_64 0.11 3.37 32.32 35.69 OK
r-patched-solaris-x86 0.11 60.20 OK
r-release-linux-x86_64 0.11 2.88 33.31 36.19 OK
r-release-osx-x86_64 0.11 OK
r-release-windows-ix86+x86_64 0.11 13.00 46.00 59.00 OK
r-oldrel-osx-x86_64 0.11 OK
r-oldrel-windows-ix86+x86_64 0.11 8.00 58.00 66.00 OK

Check Details

Version: 0.11
Check: Rd cross-references
Result: NOTE
    Undeclared packages ‘shiny’, ‘Rook’, ‘opencpu’ in Rd xrefs
Flavor: r-devel-linux-x86_64-fedora-clang