CRAN Package Check Results for Package rsppfp

Last updated on 2024-02-23 05:07:31 CET.

Flavor Version Tinstall Tcheck Ttotal Status Flags
r-devel-linux-x86_64-debian-clang 1.0.4 NOTE
r-devel-linux-x86_64-debian-gcc 1.0.4 4.94 49.98 54.92 NOTE
r-devel-linux-x86_64-fedora-clang 1.0.4 89.69 NOTE
r-devel-linux-x86_64-fedora-gcc 1.0.4 95.73 NOTE
r-devel-windows-x86_64 1.0.4 7.00 82.00 89.00 NOTE
r-patched-linux-x86_64 1.0.4 4.16 64.01 68.17 NOTE
r-release-linux-x86_64 1.0.4 4.52 63.69 68.21 NOTE
r-release-macos-arm64 1.0.4 46.00 NOTE
r-release-macos-x86_64 1.0.4 64.00 NOTE
r-release-windows-x86_64 1.0.4 8.00 98.00 106.00 NOTE
r-oldrel-macos-arm64 1.0.4 39.00 NOTE
r-oldrel-windows-x86_64 1.0.4 8.00 102.00 110.00 NOTE

Check Details

Version: 1.0.4
Check: LazyData
Result: NOTE 'LazyData' is specified without a 'data' directory Flavors: r-devel-linux-x86_64-debian-clang, r-devel-linux-x86_64-debian-gcc, r-devel-linux-x86_64-fedora-clang, r-devel-linux-x86_64-fedora-gcc, r-devel-windows-x86_64, r-patched-linux-x86_64, r-release-linux-x86_64, r-release-macos-arm64, r-release-macos-x86_64, r-release-windows-x86_64, r-oldrel-macos-arm64, r-oldrel-windows-x86_64