CRAN Package Check Results for Package rsinaica

Last updated on 2024-04-17 16:53:20 CEST.

Flavor Version Tinstall Tcheck Ttotal Status Flags
r-devel-linux-x86_64-debian-clang 1.0.0 6.51 56.51 63.02 OK
r-devel-linux-x86_64-debian-gcc 1.0.0 5.36 41.61 46.97 OK
r-devel-linux-x86_64-fedora-clang 1.0.0 79.43 NOTE
r-devel-linux-x86_64-fedora-gcc 1.0.0 74.26 NOTE
r-prerel-macos-arm64 1.0.0 34.00 OK
r-prerel-macos-x86_64 1.0.0 65.00 OK
r-prerel-windows-x86_64 1.0.0 6.00 63.00 69.00 OK
r-patched-linux-x86_64 1.0.0 5.65 53.46 59.11 OK
r-release-linux-x86_64 1.0.0 6.56 51.52 58.08 OK
r-release-macos-arm64 1.0.0 37.00 OK
r-release-macos-x86_64 1.0.0 63.00 OK
r-release-windows-x86_64 1.0.0 9.00 72.00 81.00 OK
r-oldrel-macos-arm64 1.0.0 39.00 OK
r-oldrel-windows-x86_64 1.0.0 10.00 70.00 80.00 OK

Check Details

Version: 1.0.0
Check: data for non-ASCII characters
Result: NOTE Note: found 606 marked UTF-8 strings Flavors: r-devel-linux-x86_64-fedora-clang, r-devel-linux-x86_64-fedora-gcc