CRAN Package Check Results for Package rsconnect

Last updated on 2020-08-14 03:47:57 CEST.

Flavor Version Tinstall Tcheck Ttotal Status Flags
r-devel-linux-x86_64-debian-clang 0.8.16 8.28 44.88 53.16 OK
r-devel-linux-x86_64-debian-gcc 0.8.16 4.94 33.89 38.83 OK
r-devel-linux-x86_64-fedora-clang 0.8.16 68.67 NOTE
r-devel-linux-x86_64-fedora-gcc 0.8.16 60.53 OK
r-devel-windows-ix86+x86_64 0.8.16 16.00 80.00 96.00 OK
r-patched-linux-x86_64 0.8.16 8.13 43.90 52.03 OK
r-patched-solaris-x86 0.8.16 79.10 OK
r-release-linux-x86_64 0.8.16 6.13 44.54 50.67 OK
r-release-macos-x86_64 0.8.16 OK
r-release-windows-ix86+x86_64 0.8.16 17.00 57.00 74.00 OK
r-oldrel-macos-x86_64 0.8.16 OK
r-oldrel-windows-ix86+x86_64 0.8.16 9.00 78.00 87.00 OK

Check Details

Version: 0.8.16
Check: Rd cross-references
Result: NOTE
    Undeclared packages ‘keras’, ‘tensorflow’, ‘devtools’ in Rd xrefs
Flavor: r-devel-linux-x86_64-fedora-clang