Last updated on 2023-09-29 05:06:15 CEST.
Flavor | Version | Tinstall | Tcheck | Ttotal | Status | Flags |
---|---|---|---|---|---|---|
r-devel-linux-x86_64-debian-clang | 1.7-4 | 22.10 | 190.45 | 212.55 | NOTE | |
r-devel-linux-x86_64-debian-gcc | 1.7-4 | 20.32 | 140.93 | 161.25 | NOTE | |
r-devel-linux-x86_64-fedora-clang | 1.7-4 | 277.72 | NOTE | |||
r-devel-linux-x86_64-fedora-gcc | 1.7-4 | 283.94 | NOTE | |||
r-devel-windows-x86_64 | 1.7-4 | 29.00 | 216.00 | 245.00 | NOTE | |
r-patched-linux-x86_64 | 1.7-4 | 31.54 | 181.30 | 212.84 | OK | |
r-release-linux-x86_64 | 1.7-4 | 24.10 | 184.41 | 208.51 | OK | |
r-release-macos-arm64 | 1.7-4 | 80.00 | OK | |||
r-release-macos-x86_64 | 1.7-4 | 203.00 | OK | |||
r-release-windows-x86_64 | 1.7-4 | 35.00 | 248.00 | 283.00 | OK | |
r-oldrel-macos-arm64 | 1.7-4 | 75.00 | OK | |||
r-oldrel-macos-x86_64 | 1.7-4 | 111.00 | OK | |||
r-oldrel-windows-x86_64 | 1.7-4 | 32.00 | 244.00 | 276.00 | OK |
Version: 1.7-4
Check: Rd \usage sections
Result: NOTE
Documented arguments not in \usage in documentation object 'rrcov-utils':
‘tol’ ‘sv’ ‘n’ ‘p’
Functions with \usage entries need to have the appropriate \alias
entries, and all their arguments documented.
The \usage entries must correspond to syntactically valid R code.
See chapter ‘Writing R documentation files’ in the ‘Writing R
Extensions’ manual.
Flavors: r-devel-linux-x86_64-debian-clang, r-devel-linux-x86_64-debian-gcc, r-devel-linux-x86_64-fedora-clang, r-devel-linux-x86_64-fedora-gcc, r-devel-windows-x86_64