CRAN Package Check Results for Package rr2

Last updated on 2024-02-29 15:53:57 CET.

Flavor Version Tinstall Tcheck Ttotal Status Flags
r-devel-linux-x86_64-debian-clang 1.1.1 15.89 122.89 138.78 NOTE
r-devel-linux-x86_64-debian-gcc 1.1.1 10.37 90.33 100.70 NOTE
r-devel-linux-x86_64-fedora-clang 1.1.1 432.16 NOTE
r-devel-linux-x86_64-fedora-gcc 1.1.1 440.89 NOTE
r-devel-windows-x86_64 1.1.1 46.00 405.00 451.00 OK
r-patched-linux-x86_64 1.1.1 11.28 118.33 129.61 OK
r-release-linux-x86_64 1.1.1 9.08 116.40 125.48 OK
r-release-macos-arm64 1.1.1 61.00 OK
r-release-macos-x86_64 1.1.1 101.00 OK
r-release-windows-x86_64 1.1.1 16.00 122.00 138.00 OK
r-oldrel-macos-arm64 1.1.1 56.00 OK
r-oldrel-windows-x86_64 1.1.1 17.00 124.00 141.00 OK

Check Details

Version: 1.1.1
Check: Rd files
Result: NOTE checkRd: (-1) R2_lik.Rd:37: Lost braces; missing escapes or markup? 37 | \code{R2_lik()} is also computed for LMMs and GLMMs in the {MuMIn} package. | ^ checkRd: (-1) R2_pred.Rd:32: Lost braces; missing escapes or markup? 32 | Note that the version of \code{binaryPGLMM()} in the package ape is replaced by a version contained within {rr2} that outputs all of the required information for the calculation of R2_resid. | ^ checkRd: (-1) R2_resid.Rd:69: Lost braces; missing escapes or markup? 69 | Note that the version of \code{binaryPGLMM()} in the package ape is replaced by a version contained within {rr2} that outputs all of the required information for the calculation of \code{R2_resid()} | ^ Flavors: r-devel-linux-x86_64-debian-clang, r-devel-linux-x86_64-debian-gcc, r-devel-linux-x86_64-fedora-clang, r-devel-linux-x86_64-fedora-gcc