CRAN Package Check Results for Package rprojtree

Last updated on 2024-02-23 16:53:29 CET.

Flavor Version Tinstall Tcheck Ttotal Status Flags
r-devel-linux-x86_64-debian-clang 1.0.0 NOTE
r-devel-linux-x86_64-debian-gcc 1.0.0 3.59 33.85 37.44 NOTE
r-devel-linux-x86_64-fedora-clang 1.0.0 60.08 OK
r-devel-linux-x86_64-fedora-gcc 1.0.0 69.66 OK
r-devel-windows-x86_64 1.0.0 5.00 54.00 59.00 OK
r-patched-linux-x86_64 1.0.0 4.26 43.09 47.35 OK
r-release-linux-x86_64 1.0.0 4.87 43.10 47.97 OK
r-release-macos-arm64 1.0.0 29.00 OK
r-release-macos-x86_64 1.0.0 42.00 OK
r-release-windows-x86_64 1.0.0 6.00 58.00 64.00 OK
r-oldrel-macos-arm64 1.0.0 24.00 OK
r-oldrel-windows-x86_64 1.0.0 7.00 63.00 70.00 OK

Check Details

Version: 1.0.0
Check: Rd files
Result: NOTE checkRd: (-1) check_node.Rd:11: Lost braces 11 | \item{x}{\\code{list}, the node to check} | ^ Flavors: r-devel-linux-x86_64-debian-clang, r-devel-linux-x86_64-debian-gcc