Last updated on 2023-03-25 04:54:50 CET.
Flavor | Version | Tinstall | Tcheck | Ttotal | Status | Flags |
---|---|---|---|---|---|---|
r-devel-linux-x86_64-debian-clang | 4.1.19 | 11.97 | 71.27 | 83.24 | OK | |
r-devel-linux-x86_64-debian-gcc | 4.1.19 | 9.39 | 56.64 | 66.03 | OK | |
r-devel-linux-x86_64-fedora-clang | 4.1.19 | 110.42 | NOTE | |||
r-devel-linux-x86_64-fedora-gcc | 4.1.19 | 115.50 | OK | |||
r-patched-linux-x86_64 | 4.1.19 | 11.91 | 69.57 | 81.48 | OK | |
r-release-linux-x86_64 | 4.1.19 | 9.39 | 69.78 | 79.17 | OK | |
r-release-macos-arm64 | 4.1.19 | 49.00 | OK | |||
r-release-macos-x86_64 | 4.1.19 | 77.00 | OK | |||
r-release-windows-x86_64 | 4.1.19 | 68.00 | 137.00 | 205.00 | OK | |
r-oldrel-macos-arm64 | 4.1.19 | 48.00 | OK | |||
r-oldrel-macos-x86_64 | 4.1.19 | 85.00 | OK | |||
r-oldrel-windows-ix86+x86_64 | 4.1.19 | 50.00 | 135.00 | 185.00 | OK |
Version: 4.1.19
Check: Rd cross-references
Result: NOTE
Undeclared package ‘tree’ in Rd xrefs
Flavor: r-devel-linux-x86_64-fedora-clang