CRAN Package Check Results for Package rpact

Last updated on 2024-03-01 16:49:31 CET.

Flavor Version Tinstall Tcheck Ttotal Status Flags
r-devel-linux-x86_64-debian-clang 3.5.0 228.10 756.16 984.26 OK
r-devel-linux-x86_64-debian-gcc 3.5.1 173.66 574.66 748.32 OK
r-devel-linux-x86_64-fedora-clang 3.5.1 1301.49 NOTE
r-devel-linux-x86_64-fedora-gcc 3.5.1 1330.85 OK
r-devel-windows-x86_64 3.5.1 166.00 523.00 689.00 NOTE
r-patched-linux-x86_64 3.5.1 227.23 755.55 982.78 OK
r-release-linux-x86_64 3.5.1 206.22 753.45 959.67 OK
r-release-macos-arm64 3.5.1 134.00 NOTE
r-release-macos-x86_64 3.5.1 707.00 NOTE
r-release-windows-x86_64 3.5.1 140.00 552.00 692.00 NOTE
r-oldrel-macos-arm64 3.5.1 136.00 NOTE
r-oldrel-windows-x86_64 3.5.1 142.00 490.00 632.00 NOTE

Check Details

Version: 3.5.1
Check: installed package size
Result: NOTE installed size is 6.5Mb sub-directories of 1Mb or more: R 4.2Mb libs 1.1Mb Flavors: r-devel-linux-x86_64-fedora-clang, r-devel-windows-x86_64, r-release-macos-arm64, r-release-macos-x86_64, r-release-windows-x86_64, r-oldrel-macos-arm64, r-oldrel-windows-x86_64

Version: 3.5.1
Check: Rd \usage sections
Result: NOTE Warning in file(open = "w+") : cannot open file '/var/folders/k4/0jwzxmln0nb8y6rkzprptb640000gq/T//RtmpXYU41A/Rfab354374b02': No space left on device Error in file(open = "w+") : cannot open the connection Calls: <Anonymous> -> .load_package_quietly -> .try_quietly -> file Execution halted The \usage entries for S3 methods should use the \method markup and not their full name. See chapter ‘Writing R documentation files’ in the ‘Writing R Extensions’ manual. Flavor: r-oldrel-macos-arm64