Last updated on 2023-09-22 16:54:11 CEST.
Flavor | Version | Tinstall | Tcheck | Ttotal | Status | Flags |
---|---|---|---|---|---|---|
r-devel-linux-x86_64-debian-clang | 7.2.3 | 22.39 | 163.67 | 186.06 | NOTE | |
r-devel-linux-x86_64-debian-gcc | 7.2.3 | 17.16 | 122.76 | 139.92 | NOTE | |
r-devel-linux-x86_64-fedora-clang | 7.2.3 | 238.27 | NOTE | |||
r-devel-linux-x86_64-fedora-gcc | 7.2.3 | 232.81 | NOTE | |||
r-devel-windows-x86_64 | 7.2.3 | 25.00 | 159.00 | 184.00 | NOTE | |
r-patched-linux-x86_64 | 7.2.3 | 21.09 | 157.95 | 179.04 | NOTE | |
r-release-linux-x86_64 | 7.2.3 | 22.30 | 159.00 | 181.30 | NOTE | |
r-release-macos-arm64 | 7.2.3 | 74.00 | NOTE | |||
r-release-macos-x86_64 | 7.2.3 | 133.00 | NOTE | |||
r-release-windows-x86_64 | 7.2.3 | 30.00 | 196.00 | 226.00 | NOTE | |
r-oldrel-macos-arm64 | 7.2.3 | 63.00 | OK | |||
r-oldrel-macos-x86_64 | 7.2.3 | 71.00 | OK | |||
r-oldrel-windows-x86_64 | 7.2.3 | 28.00 | 184.00 | 212.00 | OK |
Version: 7.2.3
Check: C++ specification
Result: NOTE
Specified C++11: please drop specification unless essential
Flavors: r-devel-linux-x86_64-debian-clang, r-devel-linux-x86_64-debian-gcc, r-devel-linux-x86_64-fedora-clang, r-devel-linux-x86_64-fedora-gcc, r-devel-windows-x86_64, r-patched-linux-x86_64, r-release-linux-x86_64, r-release-macos-arm64, r-release-macos-x86_64, r-release-windows-x86_64