CRAN Package Check Results for Package rosm

Last updated on 2023-12-09 04:51:05 CET.

Flavor Version Tinstall Tcheck Ttotal Status Flags
r-devel-linux-x86_64-debian-clang 0.3.0 3.27 49.06 52.33 NOTE
r-devel-linux-x86_64-debian-gcc 0.3.0 3.42 37.64 41.06 NOTE
r-devel-linux-x86_64-fedora-clang 0.3.0 67.04 OK
r-devel-linux-x86_64-fedora-gcc 0.3.0 63.81 OK
r-devel-windows-x86_64 0.3.0 5.00 56.00 61.00 OK
r-patched-linux-x86_64 0.3.0 4.59 48.35 52.94 OK
r-release-linux-x86_64 0.3.0 4.51 47.78 52.29 OK
r-release-macos-arm64 0.3.0 26.00 OK
r-release-macos-x86_64 0.3.0 53.00 OK
r-release-windows-x86_64 0.3.0 6.00 62.00 68.00 OK
r-oldrel-macos-arm64 0.3.0 27.00 OK
r-oldrel-macos-x86_64 0.3.0 36.00 OK
r-oldrel-windows-x86_64 0.3.0 6.00 64.00 70.00 OK

Check Details

Version: 0.3.0
Check: Rd files
Result: NOTE checkRd: (-1) osm_url_spec.Rd:23: Lost braces; missing escapes or markup? 23 | \item{server_url}{A url using `{x}`, `{y}`, and `{z}` for the x, y, and | ^ checkRd: (-1) osm_url_spec.Rd:23: Lost braces; missing escapes or markup? 23 | \item{server_url}{A url using `{x}`, `{y}`, and `{z}` for the x, y, and | ^ checkRd: (-1) osm_url_spec.Rd:23: Lost braces; missing escapes or markup? 23 | \item{server_url}{A url using `{x}`, `{y}`, and `{z}` for the x, y, and | ^ Flavors: r-devel-linux-x86_64-debian-clang, r-devel-linux-x86_64-debian-gcc