Last updated on 2023-12-01 04:54:08 CET.
Flavor | Version | Tinstall | Tcheck | Ttotal | Status | Flags |
---|---|---|---|---|---|---|
r-devel-linux-x86_64-debian-clang | 0.3.12 | 14.90 | 118.44 | 133.34 | OK | |
r-devel-linux-x86_64-debian-gcc | 0.3.12 | 12.97 | 88.19 | 101.16 | OK | |
r-devel-linux-x86_64-fedora-clang | 0.3.12 | 173.46 | OK | |||
r-devel-linux-x86_64-fedora-gcc | 0.3.12 | 168.23 | OK | |||
r-devel-windows-x86_64 | 0.3.12 | 15.00 | 117.00 | 132.00 | OK | |
r-patched-linux-x86_64 | 0.3.12 | 24.23 | 111.51 | 135.74 | OK | |
r-release-linux-x86_64 | 0.3.12 | 12.42 | 111.05 | 123.47 | OK | |
r-release-macos-arm64 | 0.3.12 | 48.00 | OK | |||
r-release-macos-x86_64 | 0.3.12 | 73.00 | NOTE | |||
r-release-windows-x86_64 | 0.3.12 | 21.00 | 136.00 | 157.00 | OK | |
r-oldrel-macos-arm64 | 0.3.12 | 33.00 | OK | |||
r-oldrel-macos-x86_64 | 0.3.12 | 63.00 | OK | |||
r-oldrel-windows-x86_64 | 0.3.12 | 22.00 | 127.00 | 149.00 | OK |
Version: 0.3.12
Check: package dependencies
Result: NOTE
Package suggested but not available for checking: ‘MBESS’
Flavor: r-release-macos-x86_64