CRAN Package Check Results for Package romic

Last updated on 2024-02-26 04:49:38 CET.

Flavor Version Tinstall Tcheck Ttotal Status Flags
r-devel-linux-x86_64-debian-clang 1.1.3 10.54 100.54 111.08 NOTE
r-devel-linux-x86_64-debian-gcc 1.1.3 9.12 77.23 86.35 NOTE
r-devel-linux-x86_64-fedora-clang 1.1.3 151.89 NOTE
r-devel-linux-x86_64-fedora-gcc 1.1.3 170.66 NOTE
r-devel-windows-x86_64 1.1.3 12.00 104.00 116.00 OK
r-patched-linux-x86_64 1.1.3 8.69 98.74 107.43 OK
r-release-linux-x86_64 1.1.3 7.34 100.33 107.67 OK
r-release-macos-arm64 1.1.3 54.00 OK
r-release-macos-x86_64 1.1.3 109.00 OK
r-release-windows-x86_64 1.1.3 15.00 120.00 135.00 OK
r-oldrel-macos-arm64 1.1.3 59.00 OK
r-oldrel-windows-x86_64 1.1.3 16.00 118.00 134.00 OK

Check Details

Version: 1.1.3
Check: Rd files
Result: NOTE checkRd: (-1) update_tidy_omic.Rd:16-17: Lost braces 16 | in \code{updated_tidy_data} (names) and the table {features, samples, | ^ Flavors: r-devel-linux-x86_64-debian-clang, r-devel-linux-x86_64-debian-gcc, r-devel-linux-x86_64-fedora-clang, r-devel-linux-x86_64-fedora-gcc