CRAN Package Check Results for Package rolap

Last updated on 2024-03-01 04:51:54 CET.

Flavor Version Tinstall Tcheck Ttotal Status Flags
r-devel-linux-x86_64-debian-clang 2.5.1 17.21 475.47 492.68 OK
r-devel-linux-x86_64-debian-gcc 2.5.1 19.08 352.96 372.04 OK
r-devel-linux-x86_64-fedora-clang 2.5.1 585.07 NOTE
r-devel-linux-x86_64-fedora-gcc 2.5.1 594.15 OK
r-devel-windows-x86_64 2.5.1 24.00 336.00 360.00 NOTE
r-patched-linux-x86_64 2.5.1 17.14 467.01 484.15 OK
r-release-linux-x86_64 2.5.1 15.08 454.38 469.46 OK
r-release-macos-arm64 2.5.1 157.00 NOTE
r-release-macos-x86_64 2.5.1 413.00 NOTE
r-release-windows-x86_64 2.5.1 33.00 476.00 509.00 NOTE
r-oldrel-macos-arm64 2.5.1 148.00 NOTE
r-oldrel-windows-x86_64 2.5.1 32.00 418.00 450.00 NOTE

Check Details

Version: 2.5.1
Check: installed package size
Result: NOTE installed size is 17.4Mb sub-directories of 1Mb or more: doc 15.2Mb Flavors: r-devel-linux-x86_64-fedora-clang, r-devel-windows-x86_64, r-release-macos-arm64, r-release-macos-x86_64, r-release-windows-x86_64, r-oldrel-macos-arm64, r-oldrel-windows-x86_64