CRAN Package Check Results for Package rocTree

Last updated on 2024-02-25 04:51:17 CET.

Flavor Version Tinstall Tcheck Ttotal Status Flags
r-devel-linux-x86_64-debian-clang 1.1.1 163.32 112.69 276.01 NOTE
r-devel-linux-x86_64-debian-gcc 1.1.1 134.49 84.26 218.75 NOTE
r-devel-linux-x86_64-fedora-clang 1.1.1 390.29 NOTE
r-devel-linux-x86_64-fedora-gcc 1.1.1 389.54 NOTE
r-devel-windows-x86_64 1.1.1 120.00 115.00 235.00 NOTE
r-patched-linux-x86_64 1.1.1 119.96 108.19 228.15 NOTE
r-release-linux-x86_64 1.1.1 124.34 107.64 231.98 NOTE
r-release-macos-arm64 1.1.1 95.00 NOTE
r-release-macos-x86_64 1.1.1 165.00 NOTE
r-release-windows-x86_64 1.1.1 163.00 140.00 303.00 NOTE
r-oldrel-macos-arm64 1.1.1 86.00 NOTE
r-oldrel-windows-x86_64 1.1.1 153.00 141.00 294.00 OK

Check Details

Version: 1.1.1
Check: C++ specification
Result: NOTE Specified C++11: please drop specification unless essential Flavors: r-devel-linux-x86_64-debian-clang, r-devel-linux-x86_64-debian-gcc, r-devel-linux-x86_64-fedora-clang, r-devel-linux-x86_64-fedora-gcc, r-devel-windows-x86_64, r-patched-linux-x86_64, r-release-linux-x86_64, r-release-macos-arm64, r-release-macos-x86_64, r-release-windows-x86_64

Version: 1.1.1
Check: installed package size
Result: NOTE installed size is 7.1Mb sub-directories of 1Mb or more: libs 6.9Mb Flavors: r-release-macos-arm64, r-release-macos-x86_64, r-oldrel-macos-arm64