CRAN Package Check Results for Package robustbase

Last updated on 2020-07-11 03:47:14 CEST.

Flavor Version Tinstall Tcheck Ttotal Status Flags
r-devel-linux-x86_64-debian-clang 0.93-6 23.21 298.81 322.02 OK
r-devel-linux-x86_64-debian-gcc 0.93-6 20.41 221.98 242.39 OK
r-devel-linux-x86_64-fedora-clang 0.93-6 388.51 NOTE
r-devel-linux-x86_64-fedora-gcc 0.93-6 386.29 OK
r-devel-windows-ix86+x86_64 0.93-6 74.00 651.00 725.00 OK
r-patched-linux-x86_64 0.93-6 24.68 293.61 318.29 OK
r-patched-solaris-x86 0.93-6 497.90 OK
r-release-linux-x86_64 0.93-6 22.31 293.49 315.80 OK
r-release-osx-x86_64 0.93-6 OK
r-release-windows-ix86+x86_64 0.93-6 67.00 466.00 533.00 OK
r-oldrel-osx-x86_64 0.93-6 OK
r-oldrel-windows-ix86+x86_64 0.93-6 66.00 457.00 523.00 OK

Check Details

Version: 0.93-6
Check: Rd cross-references
Result: NOTE
    Undeclared packages ‘matrixStats’, ‘robustX’, ‘quantreg’, ‘rrcov’, ‘Hmisc’ in Rd xrefs
Flavor: r-devel-linux-x86_64-fedora-clang