Last updated on 2023-12-09 16:49:31 CET.
Flavor | Version | Tinstall | Tcheck | Ttotal | Status | Flags |
---|---|---|---|---|---|---|
r-devel-linux-x86_64-debian-clang | 2.1 | 4.02 | 31.77 | 35.79 | NOTE | |
r-devel-linux-x86_64-debian-gcc | 2.1 | 2.85 | 23.93 | 26.78 | NOTE | |
r-devel-linux-x86_64-fedora-clang | 2.1 | 45.11 | NOTE | |||
r-devel-linux-x86_64-fedora-gcc | 2.1 | 54.08 | NOTE | |||
r-devel-windows-x86_64 | 2.1 | 4.00 | 47.00 | 51.00 | OK | |
r-patched-linux-x86_64 | 2.1 | 4.26 | 30.73 | 34.99 | OK | |
r-release-linux-x86_64 | 2.1 | 3.31 | 31.03 | 34.34 | OK | |
r-release-macos-arm64 | 2.1 | 22.00 | OK | |||
r-release-macos-x86_64 | 2.1 | 34.00 | OK | |||
r-release-windows-x86_64 | 2.1 | 4.00 | 49.00 | 53.00 | OK | |
r-oldrel-macos-arm64 | 2.1 | 19.00 | OK | |||
r-oldrel-macos-x86_64 | 2.1 | 27.00 | OK | |||
r-oldrel-windows-x86_64 | 2.1 | 5.00 | 50.00 | 55.00 | OK |
Version: 2.1
Check: Rd files
Result: NOTE
checkRd: (-1) predict.robu.Rd:36-42: Lost braces in \itemize; meant \describe ?
checkRd: (-1) predict.robu.Rd:43-49: Lost braces in \itemize; meant \describe ?
checkRd: (-1) predict.robu.Rd:50-55: Lost braces in \itemize; meant \describe ?
Flavors: r-devel-linux-x86_64-debian-clang, r-devel-linux-x86_64-debian-gcc
Version: 2.1
Check: data for non-ASCII characters
Result: NOTE
Note: found 6 marked UTF-8 strings
Flavors: r-devel-linux-x86_64-fedora-clang, r-devel-linux-x86_64-fedora-gcc