Last updated on 2023-12-06 03:50:12 CET.
Flavor | Version | Tinstall | Tcheck | Ttotal | Status | Flags |
---|---|---|---|---|---|---|
r-devel-linux-x86_64-debian-clang | 0.5-2 | 9.93 | 84.66 | 94.59 | NOTE | |
r-devel-linux-x86_64-debian-gcc | 0.5-2 | 8.15 | 63.13 | 71.28 | NOTE | |
r-devel-linux-x86_64-fedora-clang | 0.5-2 | 115.84 | OK | |||
r-devel-linux-x86_64-fedora-gcc | 0.5-2 | 121.63 | OK | |||
r-devel-windows-x86_64 | 0.5-2 | 14.00 | 101.00 | 115.00 | OK | |
r-patched-linux-x86_64 | 0.5-2 | 15.12 | 80.80 | 95.92 | OK | |
r-release-linux-x86_64 | 0.5-2 | 9.52 | 81.23 | 90.75 | OK | |
r-release-macos-arm64 | 0.5-2 | 49.00 | OK | |||
r-release-macos-x86_64 | 0.5-2 | 74.00 | OK | |||
r-release-windows-x86_64 | 0.5-2 | 17.00 | 114.00 | 131.00 | OK | |
r-oldrel-macos-arm64 | 0.5-2 | 38.00 | OK | |||
r-oldrel-macos-x86_64 | 0.5-2 | 48.00 | OK | |||
r-oldrel-windows-x86_64 | 0.5-2 | 15.00 | 118.00 | 133.00 | OK |
Version: 0.5-2
Check: Rd files
Result: NOTE
checkRd: (-1) weighted_median_line.Rd:34: Lost braces; missing escapes or markup?
34 | {m([y - m(y, w)][x - m(x, w)], w) / m([x - m(x, w)]^2, w).}
| ^
Flavors: r-devel-linux-x86_64-debian-clang, r-devel-linux-x86_64-debian-gcc