CRAN Package Check Results for Package rmonad

Last updated on 2024-04-19 05:10:56 CEST.

Flavor Version Tinstall Tcheck Ttotal Status Flags
r-devel-linux-x86_64-debian-clang 0.7.0 4.49 105.16 109.65 NOTE
r-devel-linux-x86_64-debian-gcc 0.7.0 5.25 79.03 84.28 NOTE
r-devel-linux-x86_64-fedora-clang 0.7.0 139.00 NOTE
r-devel-linux-x86_64-fedora-gcc 0.7.0 144.11 NOTE
r-prerel-macos-arm64 0.7.0 47.00 NOTE
r-prerel-windows-x86_64 0.7.0 8.00 98.00 106.00 NOTE
r-patched-linux-x86_64 0.7.0 4.90 100.97 105.87 NOTE
r-release-linux-x86_64 0.7.0 5.20 101.23 106.43 OK
r-release-macos-arm64 0.7.0 44.00 OK
r-release-macos-x86_64 0.7.0 59.00 OK
r-release-windows-x86_64 0.7.0 8.00 119.00 127.00 OK
r-oldrel-macos-arm64 0.7.0 33.00 OK
r-oldrel-windows-x86_64 0.7.0 11.00 117.00 128.00 OK

Check Details

Version: 0.7.0
Check: Rd \usage sections
Result: NOTE Documented arguments not in \usage in Rd file 'bind.Rd': ‘.single_on_bind’ Functions with \usage entries need to have the appropriate \alias entries, and all their arguments documented. The \usage entries must correspond to syntactically valid R code. See chapter ‘Writing R documentation files’ in the ‘Writing R Extensions’ manual. Flavors: r-devel-linux-x86_64-debian-clang, r-devel-linux-x86_64-debian-gcc, r-devel-linux-x86_64-fedora-clang, r-devel-linux-x86_64-fedora-gcc, r-prerel-macos-arm64, r-prerel-windows-x86_64, r-patched-linux-x86_64