CRAN Package Check Results for Package rminizinc

Last updated on 2024-02-26 04:49:38 CET.

Flavor Version Tinstall Tcheck Ttotal Status Flags
r-devel-linux-x86_64-debian-clang 0.0.8 74.83 79.23 154.06 NOTE
r-devel-linux-x86_64-debian-gcc 0.0.8 58.99 58.41 117.40 NOTE
r-devel-linux-x86_64-fedora-clang 0.0.8 216.88 NOTE
r-devel-linux-x86_64-fedora-gcc 0.0.8 213.04 NOTE
r-devel-windows-x86_64 0.0.8 89.00 112.00 201.00 NOTE
r-patched-linux-x86_64 0.0.8 70.28 74.30 144.58 NOTE
r-release-linux-x86_64 0.0.8 72.78 74.95 147.73 NOTE
r-release-macos-arm64 0.0.8 70.00 NOTE
r-release-macos-x86_64 0.0.8 116.00 NOTE
r-release-windows-x86_64 0.0.8 92.00 127.00 219.00 NOTE
r-oldrel-macos-arm64 0.0.8 56.00 NOTE
r-oldrel-windows-x86_64 0.0.8 106.00 111.00 217.00 NOTE

Check Details

Version: 0.0.8
Check: C++ specification
Result: NOTE Specified C++11: please drop specification unless essential Flavors: r-devel-linux-x86_64-debian-clang, r-devel-linux-x86_64-debian-gcc, r-devel-linux-x86_64-fedora-clang, r-devel-linux-x86_64-fedora-gcc, r-devel-windows-x86_64, r-patched-linux-x86_64, r-release-linux-x86_64, r-release-macos-arm64, r-release-macos-x86_64, r-release-windows-x86_64

Version: 0.0.8
Check: installed package size
Result: NOTE installed size is 6.0Mb sub-directories of 1Mb or more: minizinc 3.4Mb Flavors: r-devel-linux-x86_64-fedora-clang, r-devel-windows-x86_64, r-release-macos-arm64, r-release-macos-x86_64, r-release-windows-x86_64, r-oldrel-macos-arm64, r-oldrel-windows-x86_64