CRAN Package Check Results for Package rmd

Last updated on 2020-08-10 06:47:39 CEST.

Flavor Version Tinstall Tcheck Ttotal Status Flags
r-devel-linux-x86_64-debian-clang 0.1.5 5.07 43.90 48.97 OK
r-devel-linux-x86_64-debian-gcc 0.1.5 4.28 34.12 38.40 OK
r-devel-linux-x86_64-fedora-clang 0.1.5 66.64 NOTE
r-devel-linux-x86_64-fedora-gcc 0.1.5 56.72 NOTE
r-devel-windows-ix86+x86_64 0.1.5 17.00 79.00 96.00 OK
r-patched-linux-x86_64 0.1.5 5.00 42.83 47.83 OK
r-patched-solaris-x86 0.1.5 97.20 NOTE
r-release-linux-x86_64 0.1.5 4.47 42.28 46.75 OK
r-release-macos-x86_64 0.1.5 NOTE
r-release-windows-ix86+x86_64 0.1.5 24.00 82.00 106.00 OK
r-oldrel-macos-x86_64 0.1.5 NOTE
r-oldrel-windows-ix86+x86_64 0.1.5 12.00 55.00 67.00 OK

Check Details

Version: 0.1.5
Check: package dependencies
Result: NOTE
    Imports includes 26 non-default packages.
    Importing from so many packages makes the package vulnerable to any of
    them becoming unavailable. Move as many as possible to Suggests and
    use conditionally.
Flavor: r-devel-linux-x86_64-fedora-clang

Version: 0.1.5
Check: dependencies in R code
Result: NOTE
    Namespaces in Imports field not imported from:
     ‘blogdown’ ‘bookdown’ ‘bookdownplus’ ‘citr’ ‘pagedown’ ‘rticles’
     ‘tinytex’ ‘xaringan’
     All declared Imports should be used.
Flavors: r-devel-linux-x86_64-fedora-clang, r-devel-linux-x86_64-fedora-gcc, r-patched-solaris-x86, r-release-macos-x86_64, r-oldrel-macos-x86_64