CRAN Package Check Results for Package rmarchingcubes

Last updated on 2025-01-19 04:49:05 CET.

Flavor Version Tinstall Tcheck Ttotal Status Flags
r-devel-linux-x86_64-debian-clang 0.1.3 23.45 42.51 65.96 NOTE
r-devel-linux-x86_64-debian-gcc 0.1.3 17.38 29.93 47.31 NOTE
r-devel-linux-x86_64-fedora-clang 0.1.3 127.25 NOTE
r-devel-linux-x86_64-fedora-gcc 0.1.3 132.53 NOTE
r-devel-windows-x86_64 0.1.3 29.00 76.00 105.00 NOTE
r-patched-linux-x86_64 0.1.3 23.47 39.82 63.29 NOTE
r-release-linux-x86_64 0.1.3 25.72 40.31 66.03 NOTE
r-release-macos-arm64 0.1.3 39.00 NOTE
r-release-macos-x86_64 0.1.3 51.00 NOTE
r-release-windows-x86_64 0.1.3 30.00 85.00 115.00 NOTE
r-oldrel-macos-arm64 0.1.3 38.00 NOTE
r-oldrel-macos-x86_64 0.1.3 60.00 NOTE
r-oldrel-windows-x86_64 0.1.3 34.00 90.00 124.00 NOTE

Check Details

Version: 0.1.3
Check: C++ specification
Result: NOTE Specified C++11: please drop specification unless essential Flavors: r-devel-linux-x86_64-debian-clang, r-devel-linux-x86_64-debian-gcc, r-devel-linux-x86_64-fedora-clang, r-devel-linux-x86_64-fedora-gcc, r-devel-windows-x86_64, r-patched-linux-x86_64, r-release-linux-x86_64, r-release-macos-arm64, r-release-macos-x86_64, r-release-windows-x86_64, r-oldrel-macos-arm64, r-oldrel-macos-x86_64, r-oldrel-windows-x86_64