CRAN Package Check Results for Package rmarchingcubes

Last updated on 2024-04-17 16:53:19 CEST.

Flavor Version Tinstall Tcheck Ttotal Status Flags
r-devel-linux-x86_64-debian-clang 0.1.3 40.13 54.73 94.86 NOTE
r-devel-linux-x86_64-debian-gcc 0.1.3 35.75 40.30 76.05 NOTE
r-devel-linux-x86_64-fedora-clang 0.1.3 138.48 NOTE
r-devel-linux-x86_64-fedora-gcc 0.1.3 145.77 NOTE
r-prerel-macos-arm64 0.1.3 39.00 NOTE
r-prerel-windows-x86_64 0.1.3 35.00 81.00 116.00 NOTE
r-patched-linux-x86_64 0.1.3 40.33 49.89 90.22 NOTE
r-release-linux-x86_64 0.1.3 42.58 48.63 91.21 NOTE
r-release-macos-arm64 0.1.3 38.00 NOTE
r-release-macos-x86_64 0.1.3 60.00 NOTE
r-release-windows-x86_64 0.1.3 44.00 90.00 134.00 NOTE
r-oldrel-macos-arm64 0.1.3 37.00 OK
r-oldrel-windows-x86_64 0.1.3 44.00 85.00 129.00 OK

Check Details

Version: 0.1.3
Check: C++ specification
Result: NOTE Specified C++11: please drop specification unless essential Flavors: r-devel-linux-x86_64-debian-clang, r-devel-linux-x86_64-debian-gcc, r-devel-linux-x86_64-fedora-clang, r-devel-linux-x86_64-fedora-gcc, r-prerel-macos-arm64, r-prerel-windows-x86_64, r-patched-linux-x86_64, r-release-linux-x86_64, r-release-macos-arm64, r-release-macos-x86_64, r-release-windows-x86_64