CRAN Package Check Results for Package rly

Last updated on 2020-08-13 15:51:18 CEST.

Flavor Version Tinstall Tcheck Ttotal Status Flags
r-devel-linux-x86_64-debian-clang 1.6.2 13.96 42.35 56.31 NOTE
r-devel-linux-x86_64-debian-gcc 1.6.2 11.98 33.24 45.22 NOTE
r-devel-linux-x86_64-fedora-clang 1.6.2 78.38 NOTE
r-devel-linux-x86_64-fedora-gcc 1.6.2 68.56 NOTE
r-devel-windows-ix86+x86_64 1.6.2 39.00 105.00 144.00 OK
r-patched-linux-x86_64 1.6.2 15.97 42.41 58.38 NOTE
r-patched-solaris-x86 1.6.2 90.40 NOTE
r-release-linux-x86_64 1.6.2 12.72 42.74 55.46 NOTE
r-release-macos-x86_64 1.6.2 OK
r-release-windows-ix86+x86_64 1.6.2 36.00 86.00 122.00 OK
r-oldrel-macos-x86_64 1.6.2 OK
r-oldrel-windows-ix86+x86_64 1.6.2 22.00 99.00 121.00 OK

Check Details

Version: 1.6.2
Check: for non-standard things in the check directory
Result: NOTE
    Found the following files/directories:
     'file.out'
Flavors: r-devel-linux-x86_64-debian-clang, r-devel-linux-x86_64-debian-gcc, r-devel-linux-x86_64-fedora-clang, r-devel-linux-x86_64-fedora-gcc, r-patched-linux-x86_64, r-patched-solaris-x86, r-release-linux-x86_64