CRAN Package Check Results for Package rleafmap

Last updated on 2020-08-06 15:49:44 CEST.

Flavor Version Tinstall Tcheck Ttotal Status Flags
r-devel-linux-x86_64-debian-clang 0.2 10.18 78.53 88.71 OK
r-devel-linux-x86_64-debian-gcc 0.2 8.36 60.54 68.90 OK
r-devel-linux-x86_64-fedora-clang 0.2 113.41 NOTE
r-devel-linux-x86_64-fedora-gcc 0.2 103.19 OK
r-devel-windows-ix86+x86_64 0.2 23.00 84.00 107.00 OK
r-patched-linux-x86_64 0.2 9.96 76.08 86.04 OK
r-patched-solaris-x86 0.2 147.60 OK
r-release-linux-x86_64 0.2 9.91 78.27 88.18 OK
r-release-macos-x86_64 0.2 OK
r-release-windows-ix86+x86_64 0.2 23.00 120.00 143.00 OK
r-oldrel-macos-x86_64 0.2 OK
r-oldrel-windows-ix86+x86_64 0.2 14.00 81.00 95.00 OK

Check Details

Version: 0.2
Check: Rd cross-references
Result: NOTE
    Undeclared package ‘rgdal’ in Rd xrefs
Flavor: r-devel-linux-x86_64-fedora-clang