CRAN Package Check Results for Package rlas

Last updated on 2020-08-13 15:51:18 CEST.

Flavor Version Tinstall Tcheck Ttotal Status Flags
r-devel-linux-x86_64-debian-clang 1.3.6 152.83 33.36 186.19 OK
r-devel-linux-x86_64-debian-gcc 1.3.6 118.40 26.33 144.73 OK
r-devel-linux-x86_64-fedora-clang 1.3.6 286.77 NOTE
r-devel-linux-x86_64-fedora-gcc 1.3.6 247.67 OK
r-devel-windows-ix86+x86_64 1.3.6 486.00 103.00 589.00 NOTE
r-patched-linux-x86_64 1.3.6 120.34 33.11 153.45 OK
r-patched-solaris-x86 1.3.6 217.40 OK
r-release-linux-x86_64 1.3.6 123.93 33.16 157.09 OK
r-release-macos-x86_64 1.3.6 NOTE
r-release-windows-ix86+x86_64 1.3.6 462.00 108.00 570.00 NOTE
r-oldrel-macos-x86_64 1.3.6 NOTE
r-oldrel-windows-ix86+x86_64 1.3.6 331.00 79.00 410.00 NOTE

Check Details

Version: 1.3.6
Check: installed package size
Result: NOTE
     installed size is 10.2Mb
     sub-directories of 1Mb or more:
     libs 9.6Mb
Flavors: r-devel-linux-x86_64-fedora-clang, r-devel-windows-ix86+x86_64, r-release-macos-x86_64, r-release-windows-ix86+x86_64, r-oldrel-macos-x86_64, r-oldrel-windows-ix86+x86_64