CRAN Package Check Results for Package rlang

Last updated on 2020-07-07 03:48:00 CEST.

Flavor Version Tinstall Tcheck Ttotal Status Flags
r-devel-linux-x86_64-debian-clang 0.4.6 15.03 82.21 97.24 OK
r-devel-linux-x86_64-debian-gcc 0.4.6 12.07 68.64 80.71 OK
r-devel-linux-x86_64-fedora-clang 0.4.6 130.86 OK
r-devel-linux-x86_64-fedora-gcc 0.4.6 123.53 OK
r-devel-windows-ix86+x86_64 0.4.6 4.00 6.00 10.00 ERROR
r-patched-linux-x86_64 0.4.6 13.35 87.97 101.32 OK
r-patched-solaris-x86 0.4.6 157.90 OK
r-release-linux-x86_64 0.4.6 12.52 89.53 102.05 OK
r-release-osx-x86_64 0.4.6 OK
r-release-windows-ix86+x86_64 0.4.6 5.00 6.00 11.00 ERROR
r-oldrel-osx-x86_64 0.4.6 OK
r-oldrel-windows-ix86+x86_64 0.4.6 35.00 163.00 198.00 OK

Check Details

Version: 0.4.6
Check: whether package can be installed
Result: ERROR
    Installation failed.
Flavors: r-devel-windows-ix86+x86_64, r-release-windows-ix86+x86_64