CRAN Package Check Results for Package rje

Last updated on 2020-08-13 15:51:18 CEST.

Flavor Version Tinstall Tcheck Ttotal Status Flags
r-devel-linux-x86_64-debian-clang 1.10.16 5.06 36.91 41.97 OK
r-devel-linux-x86_64-debian-gcc 1.10.16 3.49 29.10 32.59 OK
r-devel-linux-x86_64-fedora-clang 1.10.16 57.97 NOTE
r-devel-linux-x86_64-fedora-gcc 1.10.16 49.45 NOTE
r-devel-windows-ix86+x86_64 1.10.16 14.00 83.00 97.00 OK
r-patched-linux-x86_64 1.10.16 4.18 37.22 41.40 OK
r-patched-solaris-x86 1.10.16 72.90 NOTE
r-release-linux-x86_64 1.10.16 4.74 37.20 41.94 OK
r-release-macos-x86_64 1.10.16 NOTE
r-release-windows-ix86+x86_64 1.10.16 14.00 65.00 79.00 OK
r-oldrel-macos-x86_64 1.10.16 NOTE
r-oldrel-windows-ix86+x86_64 1.10.16 9.00 61.00 70.00 OK

Check Details

Version: 1.10.16
Check: dependencies in R code
Result: NOTE
    Namespace in Imports field not imported from: ‘knitr’
     All declared Imports should be used.
Flavors: r-devel-linux-x86_64-fedora-clang, r-devel-linux-x86_64-fedora-gcc, r-patched-solaris-x86, r-release-macos-x86_64, r-oldrel-macos-x86_64