CRAN Package Check Results for Package rjdqa

Last updated on 2020-08-08 15:47:00 CEST.

Flavor Version Tinstall Tcheck Ttotal Status Flags
r-devel-linux-x86_64-debian-clang 0.1.0 5.41 51.45 56.86 OK
r-devel-linux-x86_64-debian-gcc 0.1.1 3.75 36.64 40.39 OK
r-devel-linux-x86_64-fedora-clang 0.1.1 73.47 NOTE
r-devel-linux-x86_64-fedora-gcc 0.1.1 38.46 NOTE
r-devel-windows-ix86+x86_64 0.1.0 16.00 70.00 86.00 OK
r-patched-linux-x86_64 0.1.1 4.13 46.14 50.27 OK
r-release-linux-x86_64 0.1.1 4.17 47.86 52.03 OK
r-release-macos-x86_64 0.1.1 NOTE
r-release-windows-ix86+x86_64 0.1.0 13.00 54.00 67.00 OK
r-oldrel-macos-x86_64 0.1.1 NOTE
r-oldrel-windows-ix86+x86_64 0.1.0 9.00 67.00 76.00 OK

Check Details

Version: 0.1.1
Check: dependencies in R code
Result: NOTE
    Namespace in Imports field not imported from: ‘XLConnect’
     All declared Imports should be used.
Flavors: r-devel-linux-x86_64-fedora-clang, r-devel-linux-x86_64-fedora-gcc, r-release-macos-x86_64, r-oldrel-macos-x86_64