CRAN Package Check Results for Package rjags

Last updated on 2020-07-06 15:48:32 CEST.

Flavor Version Tinstall Tcheck Ttotal Status Flags
r-devel-linux-x86_64-debian-clang 4-10 9.93 27.74 37.67 OK
r-devel-linux-x86_64-debian-gcc 4-10 8.10 22.03 30.13 OK
r-devel-linux-x86_64-fedora-clang 4-10 56.40 OK
r-devel-linux-x86_64-fedora-gcc 4-10 45.50 OK
r-devel-windows-ix86+x86_64 4-10 30.00 57.00 87.00 OK
r-patched-linux-x86_64 4-10 9.06 27.89 36.95 OK
r-patched-solaris-x86 4-10 67.80 OK
r-release-linux-x86_64 4-10 8.38 27.76 36.14 OK
r-release-osx-x86_64 4-10 OK
r-release-windows-ix86+x86_64 4-10 22.00 61.00 83.00 OK
r-oldrel-osx-x86_64 4-10 NOTE
r-oldrel-windows-ix86+x86_64 4-10 23.00 73.00 96.00 OK

Check Details

Version: 4-10
Check: dependencies in R code
Result: NOTE
    No protocol specified
    No protocol specified
Flavor: r-oldrel-osx-x86_64