Last updated on 2023-12-02 16:49:26 CET.
Flavor | Version | Tinstall | Tcheck | Ttotal | Status | Flags |
---|---|---|---|---|---|---|
r-devel-linux-x86_64-debian-clang | 0.6.4 | 6.87 | 60.99 | 67.86 | OK | |
r-devel-linux-x86_64-debian-gcc | 0.6.4 | 5.03 | 45.79 | 50.82 | OK | |
r-devel-linux-x86_64-fedora-clang | 0.6.4 | 84.82 | NOTE | |||
r-devel-linux-x86_64-fedora-gcc | 0.6.4 | 92.20 | NOTE | |||
r-devel-windows-x86_64 | 0.6.4 | 5.00 | 81.00 | 86.00 | OK | |
r-patched-linux-x86_64 | 0.6.4 | 6.41 | 59.10 | 65.51 | OK | |
r-release-linux-x86_64 | 0.6.4 | 4.96 | 58.35 | 63.31 | OK | |
r-release-macos-arm64 | 0.6.4 | 48.00 | OK | |||
r-release-macos-x86_64 | 0.6.4 | 118.00 | NOTE | |||
r-release-windows-x86_64 | 0.6.4 | 6.00 | 80.00 | 86.00 | OK | |
r-oldrel-macos-arm64 | 0.6.4 | 45.00 | OK | |||
r-oldrel-macos-x86_64 | 0.6.4 | 45.00 | OK | |||
r-oldrel-windows-x86_64 | 0.6.4 | 10.00 | 87.00 | 97.00 | OK |
Version: 0.6.4
Check: data for non-ASCII characters
Result: NOTE
Note: found 169 marked UTF-8 strings
Flavors: r-devel-linux-x86_64-fedora-clang, r-devel-linux-x86_64-fedora-gcc
Version: 0.6.4
Check: installed package size
Result: NOTE
installed size is 5.6Mb
sub-directories of 1Mb or more:
data 3.2Mb
extdata 1.3Mb
Flavor: r-release-macos-x86_64