CRAN Package Check Results for Package riceidconverter

Last updated on 2024-03-03 16:50:08 CET.

Flavor Version Tinstall Tcheck Ttotal Status Flags
r-devel-linux-x86_64-debian-clang 1.1.1 7.66 26.29 33.95 NOTE
r-devel-linux-x86_64-debian-gcc 1.1.1 7.38 21.49 28.87 NOTE
r-devel-linux-x86_64-fedora-clang 1.1.1 46.18 NOTE
r-devel-linux-x86_64-fedora-gcc 1.1.1 45.22 NOTE
r-devel-windows-x86_64 1.1.1 10.00 42.00 52.00 NOTE
r-patched-linux-x86_64 1.1.1 7.76 26.76 34.52 NOTE
r-release-linux-x86_64 1.1.1 10.10 26.52 36.62 NOTE
r-release-macos-arm64 1.1.1 24.00 NOTE
r-release-macos-x86_64 1.1.1 30.00 NOTE
r-release-windows-x86_64 1.1.1 11.00 42.00 53.00 NOTE
r-oldrel-macos-arm64 1.1.1 23.00 NOTE
r-oldrel-windows-x86_64 1.1.1 12.00 45.00 57.00 NOTE

Check Details

Version: 1.1.1
Check: LazyData
Result: NOTE 'LazyData' is specified without a 'data' directory Flavors: r-devel-linux-x86_64-debian-clang, r-devel-linux-x86_64-debian-gcc, r-devel-linux-x86_64-fedora-clang, r-devel-linux-x86_64-fedora-gcc, r-devel-windows-x86_64, r-patched-linux-x86_64, r-release-linux-x86_64, r-release-macos-arm64, r-release-macos-x86_64, r-release-windows-x86_64, r-oldrel-macos-arm64, r-oldrel-windows-x86_64