CRAN Package Check Results for Package rhmmer

Last updated on 2020-08-13 15:51:18 CEST.

Flavor Version Tinstall Tcheck Ttotal Status Flags
r-devel-linux-x86_64-debian-clang 0.1.0 0.43 2.20 2.63 ERROR
r-devel-linux-x86_64-debian-gcc 0.1.0 1.52 20.02 21.54 OK
r-devel-linux-x86_64-fedora-clang 0.1.0 41.23 NOTE
r-devel-linux-x86_64-fedora-gcc 0.1.0 31.97 NOTE
r-devel-windows-ix86+x86_64 0.1.0 14.00 52.00 66.00 OK
r-patched-linux-x86_64 0.1.0 2.11 24.85 26.96 OK
r-patched-solaris-x86 0.1.0 49.90 NOTE
r-release-linux-x86_64 0.1.0 2.08 24.70 26.78 OK
r-release-macos-x86_64 0.1.0 NOTE
r-release-windows-ix86+x86_64 0.1.0 9.00 52.00 61.00 OK
r-oldrel-macos-x86_64 0.1.0 NOTE
r-oldrel-windows-ix86+x86_64 0.1.0 5.00 50.00 55.00 OK

Check Details

Version: 0.1.0
Check: package dependencies
Result: ERROR
    Package required but not available: 'tidyr'
    
    See section 'The DESCRIPTION file' in the 'Writing R Extensions'
    manual.
Flavor: r-devel-linux-x86_64-debian-clang

Version: 0.1.0
Check: dependencies in R code
Result: NOTE
    Namespace in Imports field not imported from: ‘dplyr’
     All declared Imports should be used.
Flavors: r-devel-linux-x86_64-fedora-clang, r-devel-linux-x86_64-fedora-gcc, r-patched-solaris-x86, r-release-macos-x86_64, r-oldrel-macos-x86_64