CRAN Package Check Results for Package rglwidget

Last updated on 2020-08-08 15:47:00 CEST.

Flavor Version Tinstall Tcheck Ttotal Status Flags
r-devel-linux-x86_64-debian-clang 0.2.1 3.10 31.68 34.78 OK
r-devel-linux-x86_64-debian-gcc 0.2.1 3.09 25.25 28.34 OK
r-devel-linux-x86_64-fedora-clang 0.2.1 50.53 OK
r-devel-linux-x86_64-fedora-gcc 0.2.1 40.88 OK
r-devel-windows-ix86+x86_64 0.2.1 14.00 63.00 77.00 OK
r-patched-linux-x86_64 0.2.1 3.82 31.10 34.92 OK
r-patched-solaris-x86 0.2.1 63.70 OK
r-release-linux-x86_64 0.2.1 3.88 32.13 36.01 OK
r-release-macos-x86_64 0.2.1 OK
r-release-windows-ix86+x86_64 0.2.1 17.00 45.00 62.00 OK
r-oldrel-macos-x86_64 0.2.1 WARN
r-oldrel-windows-ix86+x86_64 0.2.1 10.00 61.00 71.00 OK

Check Details

Version: 0.2.1
Check: whether package can be installed
Result: WARN
    Found the following significant warnings:
     Warning: 'rgl_init' failed, running with rgl.useNULL = TRUE
Flavor: r-oldrel-macos-x86_64