Last updated on 2025-01-14 16:49:37 CET.
Flavor | Version | Tinstall | Tcheck | Ttotal | Status | Flags |
---|---|---|---|---|---|---|
r-devel-linux-x86_64-debian-clang | 0.0.1 | 21.04 | 87.34 | 108.38 | NOTE | |
r-devel-linux-x86_64-debian-gcc | 0.0.1 | 14.73 | 65.64 | 80.37 | NOTE | |
r-devel-linux-x86_64-fedora-clang | 0.0.1 | 171.37 | NOTE | |||
r-devel-linux-x86_64-fedora-gcc | 0.0.1 | 165.40 | NOTE | |||
r-devel-windows-x86_64 | 0.0.1 | 18.00 | 207.00 | 225.00 | NOTE | |
r-patched-linux-x86_64 | 0.0.1 | 21.22 | 81.90 | 103.12 | NOTE | |
r-release-linux-x86_64 | 0.0.1 | 19.05 | 82.33 | 101.38 | NOTE | |
r-release-macos-arm64 | 0.0.1 | 43.00 | NOTE | |||
r-release-macos-x86_64 | 0.0.1 | 68.00 | NOTE | |||
r-release-windows-x86_64 | 0.0.1 | 21.00 | 148.00 | 169.00 | NOTE | |
r-oldrel-macos-arm64 | 0.0.1 | 50.00 | OK | |||
r-oldrel-macos-x86_64 | 0.0.1 | 73.00 | OK | |||
r-oldrel-windows-x86_64 | 0.0.1 | 25.00 | 155.00 | 180.00 | OK |
Version: 0.0.1
Check: Rd files
Result: NOTE
checkRd: (-1) RiemannianMetric.Rd:450-453: Lost braces
450 | if (reticulate::py_module_available("geomstats")) {
| ^
checkRd: (-1) RiemannianMetric.Rd:484-487: Lost braces
484 | if (reticulate::py_module_available("geomstats")) {
| ^
checkRd: (-1) RiemannianMetric.Rd:588-591: Lost braces
588 | if (reticulate::py_module_available("geomstats")) {
| ^
Flavors: r-devel-linux-x86_64-debian-clang, r-devel-linux-x86_64-debian-gcc, r-devel-linux-x86_64-fedora-clang, r-devel-linux-x86_64-fedora-gcc, r-devel-windows-x86_64, r-patched-linux-x86_64, r-release-linux-x86_64, r-release-macos-arm64, r-release-macos-x86_64, r-release-windows-x86_64