CRAN Package Check Results for Package rgeomstats

Last updated on 2024-03-01 16:49:30 CET.

Flavor Version Tinstall Tcheck Ttotal Status Flags
r-devel-linux-x86_64-debian-clang 0.0.1 21.36 109.51 130.87 NOTE
r-devel-linux-x86_64-debian-gcc 0.0.1 18.31 83.48 101.79 NOTE
r-devel-linux-x86_64-fedora-clang 0.0.1 164.81 NOTE
r-devel-linux-x86_64-fedora-gcc 0.0.1 160.99 NOTE
r-devel-windows-x86_64 0.0.1 19.00 169.00 188.00 OK
r-patched-linux-x86_64 0.0.1 22.11 109.45 131.56 OK
r-release-linux-x86_64 0.0.1 26.49 106.76 133.25 OK
r-release-macos-arm64 0.0.1 50.00 OK
r-release-macos-x86_64 0.0.1 73.00 OK
r-release-windows-x86_64 0.0.1 25.00 152.00 177.00 OK
r-oldrel-macos-arm64 0.0.1 46.00 OK
r-oldrel-windows-x86_64 0.0.1 24.00 128.00 152.00 OK

Check Details

Version: 0.0.1
Check: Rd files
Result: NOTE checkRd: (-1) RiemannianMetric.Rd:450-453: Lost braces 450 | if (reticulate::py_module_available("geomstats")) { | ^ checkRd: (-1) RiemannianMetric.Rd:484-487: Lost braces 484 | if (reticulate::py_module_available("geomstats")) { | ^ checkRd: (-1) RiemannianMetric.Rd:588-591: Lost braces 588 | if (reticulate::py_module_available("geomstats")) { | ^ Flavors: r-devel-linux-x86_64-debian-clang, r-devel-linux-x86_64-debian-gcc, r-devel-linux-x86_64-fedora-clang, r-devel-linux-x86_64-fedora-gcc