Last updated on 2023-10-03 05:09:33 CEST.
Flavor | Version | Tinstall | Tcheck | Ttotal | Status | Flags |
---|---|---|---|---|---|---|
r-devel-linux-x86_64-debian-clang | 5.9-0.3 | 19.30 | 49.94 | 69.24 | OK | |
r-devel-linux-x86_64-debian-gcc | 5.9-0.3 | 11.51 | 56.82 | 68.33 | OK | |
r-devel-linux-x86_64-fedora-clang | 5.9-0.3 | 90.74 | NOTE | |||
r-devel-linux-x86_64-fedora-gcc | 5.9-0.3 | 126.25 | OK | |||
r-devel-windows-x86_64 | 5.9-0.3 | 20.00 | 99.00 | 119.00 | OK | |
r-patched-linux-x86_64 | 5.9-0.3 | 16.41 | 69.69 | 86.10 | OK | |
r-release-linux-x86_64 | 5.9-0.3 | 16.96 | 59.18 | 76.14 | OK | |
r-release-macos-arm64 | 5.9-0.3 | 39.00 | OK | |||
r-release-macos-x86_64 | 5.9-0.3 | 64.00 | OK | |||
r-release-windows-x86_64 | 5.9-0.3 | 24.00 | 94.00 | 118.00 | OK | |
r-oldrel-macos-arm64 | 5.9-0.3 | 35.00 | OK | |||
r-oldrel-macos-x86_64 | 5.9-0.3 | 45.00 | OK | |||
r-oldrel-windows-x86_64 | 5.9-0.3 | 21.00 | 99.00 | 120.00 | OK |
Version: 5.9-0.3
Check: Rd cross-references
Result: NOTE
Undeclared package ‘Matching’ in Rd xrefs
Flavor: r-devel-linux-x86_64-fedora-clang